 + 3. What is the units digit of j(-11)?
3
Suppose -6*p + 88*p - 3634125 = 7*p. What is the hundreds digit of p?
4
Suppose 38 = 3*f + 218. Let j = f - -64. Suppose -j*l - 116 = -456. What is the tens digit of l?
8
Let s = 190 + -196. What is the hundreds digit of ((11*s)/(-1))/(5/10)?
1
Let m(p) = p**3 + 11*p**2 + 11*p - 1. Let y be (-3 - -10)/(-8 + 7). Let s be m(y). Let b = -5 + s. What is the units digit of b?
3
What is the hundreds digit of (-12)/22 + 8471990/341?
8
Let s(o) = 282*o**3 - 123*o**3 + 2*o + 2*o**2 - 167*o**3 - 4. Let k(m) = -2*m + 4. Let w be k(3). What is the tens digit of s(w)?
6
Let g be 87/27 - (-6)/(-27). Let j be 1/3*g - 194. Let p = -121 - j. What is the tens digit of p?
7
Suppose -8 = -57*q + 55*q. Suppose 0 = -k - p + 587, q*k - 1130 = -3*p + 1220. What is the tens digit of k?
8
Let r(d) = 2*d**2 - 28*d + 117. Let o be r(15). Suppose -14*p + 16*p - 588 = -4*m, m - 5*p - o = 0. What is the hundreds digit of m?
1
Let f = -109126 + 155324. What is the ten thousands digit of f?
4
Let v be 130*1/14 - (-10)/(-35). Suppose -3*x = -4*p - 1906, 4*x - 4*p - 2531 = -v*p. What is the hundreds digit of x?
6
Suppose -71*r - 60*r + 1080357 = 0. What is the tens digit of r?
4
Suppose -u + 37765 = 4*h, -5*h + 113351 = 198*u - 195*u. What is the thousands digit of u?
7
Let i(k) = 6*k**3 - 44*k**2 - 5*k + 16. What is the hundreds digit of i(13)?
6
Let c = 13146 + -1215. What is the thousands digit of c?
1
Let f = 210058 - 129158. What is the tens digit of f?
0
Suppose -26*w + 22864 = -23*w - 2*u, -2*w = -4*u - 15240. What is the units digit of w?
2
Let x = -146 - -334. Suppose -2*z + z = 78. Let b = z + x. What is the hundreds digit of b?
1
Suppose -5*c - 3015 = 5*h, 5*h + 0*c + 3051 = 4*c. Let i = -352 - h. Let x = i - 173. What is the tens digit of x?
8
Suppose 6*i - 10*i + 46105 = 5*c, 5*i + 5*c = 57625. What is the tens digit of i?
2
Let i(v) = v + 13. Let d be i(-3). Suppose 0 = 4*x - 9*x + d. Suppose k = -3*r + 409, x*k = -2*k + 4. What is the tens digit of r?
3
Let z = 149 - 146. Suppose 404 = -g + z*g - 5*c, -4*g - 4*c = -780. What is the units digit of g?
7
Suppose -663*o - 20403 = -666*o. What is the tens digit of o?
0
Let x(l) = 26*l**2 - 7*l - 7. Let c be x(-1). What is the thousands digit of (-22 + c)*(-1377)/(-4)?
1
Let u = -3720 - -2594. Let b = 56 - u. What is the tens digit of b?
8
Suppose 60*t + 12 = 63*t. What is the units digit of 104/t*-3*12/(-8)?
7
Let m = 4274 + 800. What is the tens digit of m?
7
Suppose -3*t + 19 = -2*t + a, a - 76 = -4*t. Suppose t = -2*j + 39. What is the units digit of ((-1)/(j/(-128)))/(70/175)?
2
Suppose 10*q - 1260 = 17*q. What is the units digit of (-2)/(-6) + (-37920)/q?
1
Let o be (2 + -2)/(2/(-2)). Let b = -1613 - -1841. Suppose o = 59*c - 56*c - b. What is the tens digit of c?
7
Let t be (-42)/12 - (-2)/4. Let r be (14/(-3) + -3)/(t/(-711)). What is the units digit of r/(-115) - (-2)/10?
6
Let i(c) = -c**3 - 7*c**2 + 7*c + 3. Let l be i(-9). Suppose 0*k = -3*k + l. Let a = 100 - k. What is the tens digit of a?
6
Let y = 2421 + 747. What is the tens digit of y?
6
Let p = 10430 - 3896. What is the units digit of p?
4
Suppose 0 = -2*c - 2 + 10. Let u be (5/2)/(c + (-54)/12). What is the tens digit of 2*(2475/(-6))/u?
6
Let o(g) = g**3 + 38*g**2 + 3*g - 316. What is the thousands digit of o(-27)?
7
Let v be (0 - -2) + 4 + -8 + 6. What is the hundreds digit of (-178549)/(-299) - v/26?
5
Let i = -25 + -29. Let p = 56 + i. Suppose -2*n = -5*g - 26, 2*n - 5*g = -p*n + 42. What is the units digit of n?
8
Let y(n) = -2*n**3 - n**2 - 8*n - 13. Let w be y(-3). Suppose -5*j + 140 = -5*t, 4*j + w = 3*t - 5*t. Let g = 160 + t. What is the tens digit of g?
3
Suppose g - 5*p - 15121 = 0, p + 619 + 59979 = 4*g. What is the ten thousands digit of g?
1
Let u(b) = 2*b**2 - 130*b - 551. What is the tens digit of u(-79)?
0
Let o = -3755 + 5894. What is the thousands digit of o?
2
Suppose -2*r + 2*x = 508, -r + 2*x - 300 = -42. Let b = r - -606. What is the hundreds digit of b?
3
Let l be (-3 - 1)*1 - (-1876)/4. What is the tens digit of l + 4 + (3 - 3)?
6
Suppose 2*t - 2*b = -23 + 67, -4*b = -2*t + 50. Let p(w) = -t*w - 13 - 11 + w + 1. What is the tens digit of p(-3)?
3
Let h(a) = 8*a**2 - 4*a - 274. Let f(x) = 2*x**2 - x. Let u(r) = 6*f(r) - h(r). What is the hundreds digit of u(0)?
2
Let y(g) = 473*g - 6. Let c be y(2). Suppose 7*n - c - 761 = 0. What is the hundreds digit of n?
2
Let c = -16 - -11. Let o(j) = 8*j**2 - 9*j - 45. Let l be o(c). Suppose 0*s - 3*p = -4*s + 180, -2*p + l = 4*s. What is the tens digit of s?
4
Let f(k) = k**3 + 9*k**2 - k - 6. Let v be f(-9). Suppose v*m - 2*m + 1669 = 5*o, 2*m - 1672 = -5*o. What is the units digit of o?
4
Let h = -39 - -259. Let z = 326 - h. What is the units digit of z?
6
What is the tens digit of 1 + -10 + 30267 + 247?
0
Let f be 57*-2 + 20/(-5). Let r = f - -118. Suppose 10*y - 951 - 769 = r. What is the units digit of y?
2
Suppose -4*b - 4*t = t - 305, 12 = -4*t. Let s = b + -80. Suppose 2*w + 33 - 35 = s. What is the units digit of w?
1
Suppose -10676 - 440080 = -38*j. What is the ten thousands digit of j?
1
Suppose -243 + 270 = 9*b. Suppose -4*u + 346 = x, -x + 344 = -b*u + 6*u. What is the tens digit of x?
3
Suppose -2*w + 38 = -5*c - 39, -c - 127 = -4*w. Suppose w*p = 32*p + 58. Let q = -36 - p. What is the units digit of q?
2
Suppose 169 = -0*p + p. Let x = 1898 + -1549. Let d = x - p. What is the hundreds digit of d?
1
Let j = -159 + 244. Let f = j + 197. What is the units digit of f?
2
Let h(c) = -5*c + 59. Let u be h(6). Suppose -u*d + 27*d = -146. What is the tens digit of d?
7
Suppose 2*y - 679 = i, 6 = 3*i - i. Let g = y + -224. What is the tens digit of g?
1
Let l(s) = 2*s**3 - 47*s**2 + 44*s + 19. Let z be l(20). Let c = z + 2940. What is the units digit of c?
9
Suppose 0 = -r + 13*r - 4548. Suppose 752 = 4*j - 4*w, 5 - r = -2*j + 4*w. What is the hundreds digit of j?
1
Let m = 3101 + -1781. Suppose -j + 2*g + 672 = 0, 3*j + 2*g - m = j. What is the hundreds digit of j?
6
Let w(r) = 2*r**3 + 40*r**2 + 39*r - 17. Let k be w(-16). Suppose 302*x + k = 303*x. What is the hundreds digit of x?
4
Let l(j) = -j**3 - 2*j**2 + 4*j + 1. Let t be l(-6). Let w = t + -104. Suppose 0 = -14*o + w*o - 129. What is the tens digit of o?
4
Let x = -1258 + 740. What is the hundreds digit of -4 - (4*(-6)/(-8) + x)?
5
What is the thousands digit of 1037*(-33)/((-429)/338)?
6
Let n(z) be the first derivative of -z**4/4 - 3*z**3 + 17*z**2/2 + 27*z + 8. Suppose 0*b + j + 25 = -2*b, -37 = 2*b + 5*j. What is the units digit of n(b)?
2
Let b(z) = 2*z**2 + 108*z + 1163. What is the tens digit of b(-79)?
1
Suppose 2*q = -2*d + 39244, 31*q = 28*q + 5*d + 58842. What is the tens digit of q?
1
Suppose -11*h - 14*h + 125 = 0. Suppose -2*f + 2252 = 2*j, -7*f + 2249 = -h*f + j. What is the thousands digit of f?
1
Let a be (26/6 + -1)*(-7 - -166). Suppose 3*t - 2039 = -a. What is the tens digit of t?
0
Suppose -l = -2*z + 2838, -3*z - 111*l = -113*l - 4256. What is the thousands digit of z?
1
Let c = 24870 + 15468. What is the tens digit of c?
3
Suppose 0 = -2*z + 2*t + 10706, 0 = -25*z + 23*z - t + 10724. What is the hundreds digit of z?
3
Suppose 127*f - 57*f - 65*f - 101925 = 0. What is the hundreds digit of f?
3
Let q(b) = -3*b**3 + 42*b**2 - 17*b - 1. Suppose -42 = -4*d + 10*p - 8*p, 72 = 4*d + 4*p. What is the tens digit of q(d)?
8
Let g(y) = 6967*y**2 - 19*y + 12. What is the units digit of g(1)?
0
Suppose -11850 = 213*x - 219*x. What is the thousands digit of x?
1
Let p = 35 - 231. Let l = -126 - p. Suppose 3*a = a + l. What is the tens digit of a?
3
Suppose -3*s + 60380 = -3*s + 4*s. What is the thousands digit of s?
5
Let w(l) = 6*l**2 - l - 4. Let h be w(2). Suppose k = 34 + h. Suppose 0 = 3*d - 7*d + 2*f + 48, -k = -4*d + f. What is the tens digit of d?
1
Let s be 68/(-12)*2*3 + 0. Let p be s/6 + 11/(-33). Let d(j) = -23*j - 55. What is the tens digit of d(p)?
8
Let m = 658 + -261. Suppose -2*h - 422 = -2*x, -3*h + m = -11*x + 13*x. What is the units digit of x?
6
Suppose 0 = 26*j - 23*j. Suppose 7*b - 18*b + 55 = j. Suppose -b*u + 2*x + 371 = 0, -4*u + 6*u - x - 148 = 0. What is the tens digit of u?
7
Let m(b) = -b**3 + 6*b**2. Let n be m(6). Let p(j) be the t